- -255. Is y a multiple of 12?
False
Suppose 9 - 1 = h. Let t(g) = g**3 - 9*g**2 + 10*g - 11. Let c be t(h). Suppose -3*d - o + 33 = 2*o, c*d - 35 = -o. Does 3 divide d?
True
Let q(p) = -10*p**3 - p**2 + p + 1. Suppose 2*u + 5*d - 5 = 0, 2*d - 6 + 4 = -3*u. Suppose 5*g - 5*i = -10*i, u = i - 1. Is 9 a factor of q(g)?
True
Let s = 1740 + -700. Suppose 10*x + 3*x = s. Is x a multiple of 16?
True
Let d = -20 + 22. Suppose -4*f + i + 4 - 29 = 0, 26 = -d*f - 4*i. Let y = 25 + f. Does 18 divide y?
True
Let m(r) = 7*r**2 - 2*r + 1. Let l be m(1). Let t = l - -13. Is t a multiple of 8?
False
Suppose -5*o - 3*q + 9 = 0, -3*q - 9 - 12 = -5*o. Suppose 4*y - 2*y - 98 = 4*a, 206 = 5*y + o*a. Does 13 divide y?
False
Suppose 54766 = 20*n - 11294. Does 130 divide n?
False
Let o = -2 - 9. Let u = o + 27. Does 8 divide u?
True
Suppose 32 = -3*h + 257. Let q = 33 + -50. Let g = q + h. Does 8 divide g?
False
Let y(k) = 7*k**3 - 3*k**2 + k + 9. Is 10 a factor of y(4)?
False
Suppose 622 + 1004 = 2*l. Does 34 divide l?
False
Is ((-748)/(-29 - -18))/((-2)/(-26)) a multiple of 10?
False
Suppose 460*o = 472*o - 11148. Does 7 divide o?
False
Suppose s = 5*l + 124, -3*l + 315 = 3*s + l. Is s a multiple of 26?
False
Let g be 9/3 + -5 + 8. Let r = 11 - g. Suppose 0 = r*v - 20 - 50. Is v a multiple of 7?
True
Let w be (3 + -1 + -1)*141. Suppose -57 = -k + 5*o - 0*o, -2*k = -o - w. Is 18 a factor of k?
True
Let x be (0 - -16)/((-2)/(-1)). Let h = -6 + x. Suppose -u - j + 45 = 4*j, -h*u + 60 = 4*j. Is u a multiple of 4?
True
Let l(v) = -6 + 2*v - 13*v - 11*v. Let m be l(-5). Suppose 151 + m = 5*p - 3*o, 5*p - 250 = 4*o. Is p a multiple of 23?
False
Let m(o) be the third derivative of -7*o**4/24 - o**3/6 + 3*o**2. Let s be m(-1). Is 3/s*38*1 a multiple of 7?
False
Is 48 a factor of 36/((-784)/133 + 6)?
False
Let l(z) = 21*z - 14. Is l(10) a multiple of 49?
True
Let s(p) = p**3 - 8*p**2 + 10*p - 3. Suppose 12*r - 35 = 7*r. Is 5 a factor of s(r)?
False
Let j = -80 + 154. Suppose -a = -4*y + 126, -2*y + 3*a - 2*a + 62 = 0. Let z = j - y. Is z a multiple of 21?
True
Let s(c) = c**2 - 7*c - 14. Let f be s(-6). Suppose 3*t + t = -f. Let j = -7 - t. Is 3 a factor of j?
True
Suppose -3*m + 2*c - 5*c - 9 = 0, -2*c - 12 = 4*m. Let p be (-2)/m + (-20)/(-6). Suppose -p*s + 4*r + 40 = -0*r, 4*r = 2*s - 24. Is s a multiple of 2?
True
Suppose 0 = 5*a + 3*l - 8556, -a - l + 1706 = -3*l. Is 114 a factor of a?
True
Suppose -4*x + 803 = 5*j, 6*x - 2*x + 3*j = 813. Let u = x - 98. Does 10 divide u?
False
Suppose 0 = -5*q - 3*r - 150, -4*r + 118 = -2*q + 32. Let l = q + 40. Is l a multiple of 2?
False
Let u(r) = 0*r**2 - 2 - r**3 + 56*r + 4 + 4*r**2 - 59*r. Let g be u(3). Suppose -2*q + 2*a = 4*a - 20, q + g*a - 9 = 0. Does 4 divide q?
False
Let a = -52 - -79. Suppose -4*p + 5*i = a, -9 = p - i - i. Is (-1)/(-1) - (-6 - p) a multiple of 3?
False
Let z = -1 + 15. Let x be (-4)/z - 177/(-7). Suppose 2*k + d - 12 - 8 = 0, 0 = 3*k + 4*d - x. Does 11 divide k?
True
Is 77 a factor of (3*4/(-20))/(6/(-10860))?
False
Let c be 55 - (-1 - (0 + 0)). Let k be c/16*(-8)/(-14). Suppose -5*h + 117 = -k*h. Is 13 a factor of h?
True
Let q(z) = 11*z - 94. Does 10 divide q(16)?
False
Let r(a) be the first derivative of -a**3/3 - 3*a**2 + a - 3. Let y be r(-5). Let c(k) = -k**3 + 5*k**2 + 10*k - 15. Is 9 a factor of c(y)?
True
Let v(u) be the third derivative of -4*u**4/3 - 2*u**3/3 - 18*u**2. Is 14 a factor of v(-1)?
True
Let d(l) = 5*l. Let n(z) = -2*z. Let r(p) = 6*d(p) + 14*n(p). Let q(k) = k**3 + 4*k**2 + 4*k + 2. Let o be q(-2). Is 4 a factor of r(o)?
True
Let o be 2/5 + (-336)/(-10). Let w(u) = 3*u**2 + 16*u + 20. Let y be w(-5). Let x = o - y. Does 19 divide x?
True
Let f(x) = x**3 + 7*x**2 + 5*x - 2. Let t be f(-6). Suppose 4*j = -0*j + t*k + 440, 5*j - 566 = k. Is 19 a factor of j?
True
Let y be 86/18 - (-4)/18. Let n(m) = -m**2 + 6*m - 4. Let v be n(y). Is 4 a factor of 16/v + -4 + 0?
True
Let x(p) = 19*p**3 + 4*p**2 + p + 9. Does 139 divide x(4)?
False
Let l(p) = p**2 - 2. Let w be l(-2). Let i(m) = 51 - m**w + 4*m - 18*m - 56. Is 7 a factor of i(-11)?
True
Let q = 789 - 776. Is 10 a factor of q?
False
Let o = 501 - 87. Does 11 divide o?
False
Suppose -2*i - i - 42 = 3*l, 0 = -3*i + 5*l - 34. Let n = -11 - i. Does 4 divide (15*1)/(2/n)?
False
Let b(j) = j + 85. Is b(0) a multiple of 5?
True
Let g(i) = 5*i - 27. Let b be g(6). Let l(p) = -b + 10*p + 0 - 20*p. Is 24 a factor of l(-7)?
False
Let b(l) be the third derivative of l**6/120 - 2*l**5/15 - l**4/24 + l**3/3 + 2*l**2. Let v be b(8). Let j = v - -12. Does 4 divide j?
False
Let c = 1071 - 598. Does 15 divide c?
False
Let d = -455 - -490. Is 7 a factor of d?
True
Does 14 divide (-196)/(-1*2) - (-110 - -113)?
False
Let r(s) = -s**3 - 12*s**2 + 3*s + 30. Let x be r(-12). Let o(l) = -l**3 - 2*l**2 + 14*l. Is o(x) a multiple of 9?
False
Let x(z) = 6*z**2 + 12*z + 16. Is 18 a factor of x(11)?
False
Let f(k) = k. Let a be f(8). Is (0 + a/3)*(-168)/(-16) a multiple of 4?
True
Let q(j) = -3*j**3 - 44*j**2 + 22*j - 34. Is 23 a factor of q(-16)?
False
Let n be (39/26)/(2/16). Let m = n - 15. Is 13 a factor of 0 + 39 + 3 + m?
True
Suppose -73 + 491 = 2*l + c, -5*c = -4*l + 808. Let r = l + -145. Suppose -2*g - 5*t = -r, 0*g + 4*g - 64 = 5*t. Does 6 divide g?
False
Let c(j) = -j**3 - 7*j**2 + 15*j - 24. Let d be c(-9). Suppose x = -x + 5*y + 476, 0 = -3*x + d*y + 696. Is x a multiple of 57?
True
Suppose -4*x - 24 + 36 = 0. Let i(y) = 13*y + 1. Is i(x) a multiple of 10?
True
Suppose -5*h = -3*q + 5, 5*h - 35 = -3*q - 2*q. Suppose 3*s = -i - 17, 3*s + 26 = h*i + 6. Is 14 a factor of -10*(-3)/s*-3?
False
Let o(g) = g**3 - 20*g**2 + 41*g + 65. Does 12 divide o(20)?
False
Suppose -10 = 3*n - 8*n. Suppose n*x + 5*g + 4 = 3, -g = -2*x + 5. Suppose 145 - 1 = x*z. Is z a multiple of 27?
False
Suppose 0 = -4*r + 2*r - 18. Let i be 70/15 + (-3)/r. Suppose 74 = i*b + 9. Is b a multiple of 13?
True
Suppose -12*f + 265 = -239. Is f a multiple of 14?
True
Suppose 9*u = 17*u - 1184. Does 37 divide u?
True
Suppose 1356 = 4*y - 4*c, -c + 205 + 126 = y. Is 3 a factor of y?
False
Let o(t) = 13*t**2 - t. Suppose 3 = 3*z - 0. Let v be o(z). Suppose 2*g = v - 6. Is 3 a factor of g?
True
Suppose -x - 5*f = x - 81, 4*f - 20 = 0. Suppose -p + x = -0. Does 3 divide p?
False
Suppose 9*n = 7*n + 780. Is 30 a factor of n?
True
Let a be (1 + -2)*30/24*-4. Suppose 0 = -a*b - 52 + 222. Does 5 divide b?
False
Suppose 0 = -3*j - j. Let n be 12/6 - (0 - j). Suppose n*q = 6 + 6. Does 6 divide q?
True
Is 45 a factor of 2 + (-6)/6*-898?
True
Let d = 1871 + -973. Is 21 a factor of d?
False
Suppose q = -2*q - 153. Let x = -227 - q. Is 7 a factor of 4/(-6) - x/12?
True
Let s(j) = -2*j**3 + 15*j**2 + 7. Let t(i) = -6*i**3 + 46*i**2 + 20. Let r(v) = -14*s(v) + 5*t(v). Is 2 a factor of r(10)?
True
Let v(o) = o**2 - o + 5. Let g be v(-5). Let t = 63 - g. Is t a multiple of 14?
True
Suppose -37*o + 13524 = 5*i - 36*o, 3*i - 4*o - 8119 = 0. Is i a multiple of 49?
False
Let s = 2 + -2. Suppose 2*i - d - 6 = 0, -3*i + d + 4*d + 2 = s. Suppose -i*t - 42 + 198 = 0. Does 14 divide t?
False
Let g(x) = x + 12. Suppose 0 = -12*t + 9*t - 18. Let q be g(t). Is 3/q + 83/2 a multiple of 22?
False
Suppose -85*g - 5229 = -88*g. Does 52 divide g?
False
Let z = 446 - 269. Suppose -z = -k + 113. Suppose k = -0*y + 5*y. Does 13 divide y?
False
Let v be 0/(-1) - (-9 - -7). Suppose 4*z = -4, -5*s - v*z - 2*z = 4. Suppose s*a - 5*a = -160. Does 16 divide a?
True
Let p(n) be the third derivative of n**5/60 + n**4/8 - 4*n**3/3 - 8*n**2. Let u be p(-5). Suppose 3*k - 185 = -u*k. Is k a multiple of 23?
False
Suppose 3 + 1 = -2*j - 4*h, 3*h = -12. Let w be (-210)/9*j/(-5). Is w - (-2 + (-4)/(-1)) a multiple of 13?
True
Let c = 31 + -30. Suppose 3*m - c - 92 = 0. Does 4 divide m?
False
Suppose 4*s + 4*s - 432 = 0. Is s a multiple of 9?
True
Does 25 divide (532/(-70))/(1/(-125))?
True
Let m be (-5 - -1) + (-4 - -3) - -380. Suppose 4*k + 2*h = 16, 2*h - 4 = 2*k - 0*k. Suppose 4*y + 87 = w, k*y = -5*w + 38 + m. Is 24 a factor of w?
False
Let l(j) = -294*j - 322. Is l(-7) a multiple of 11?
False
Let u(t) = -151*t - 38. Let q(p) = -75*p - 19. Let s(w) = -9*q(w) + 4*u(w). Is s(2) a multiple of 23?
True
Suppose 2 = y - 3*y. Let a be 0/(6/(-